
Let m(w) = 6*w**2 - 51*w + 733. Let y be m(17). Calculate the highest common divisor of y and 100.
100
Let w(y) = 12*y**2 + 47*y + 288. Let s be w(-8). Calculate the greatest common factor of 24 and s.
8
Let u = -1424 - -781. Let l = u - -672. What is the highest common divisor of l and 1?
1
Suppose 27*x - 4*x - 1833 = 10*x. What is the highest common factor of 30 and x?
3
Let z(m) = -14*m - 9. Let n be z(-1). Suppose -2*k + n*r + 70 = 3*k, -r = -4*k + 68. What is the greatest common divisor of 171 and k?
9
Suppose 701 - 106 = 7*r. Calculate the highest common factor of r and 2125.
85
Let a = 22235 - 11818. Calculate the highest common divisor of a and 11.
11
Suppose 13*o - 10017 - 17986 = 649. What is the greatest common divisor of o and 988?
76
Let k be ((-3)/(-2))/(3/6*3). Let t be 58 + -43 - (-9 + -3). Calculate the greatest common factor of t and k.
1
Suppose -75 = -4*p - 95. Let q(t) = 3*t**3 + 16*t**2 + 3*t - 2. Let w be q(p). What is the highest common divisor of w and 216?
8
Let p be 2882*(1764/(-154) - -12). Calculate the greatest common divisor of 36 and p.
12
Suppose 126*u = -5*z + 138*u + 1624, 4*u + 648 = 2*z. Let x be -20*(-2)/(-2 - -3). What is the highest common factor of x and z?
40
Let w be (-4 - -16) + -4 + (-7 - 0). Let i(b) = b**3 + 19*b**2 + 17*b - 5. Let j be i(-18). What is the highest common factor of w and j?
1
Let m be -339*(330/(-50) + 6 + 602/(-30)). Calculate the highest common divisor of 62 and m.
62
Suppose 5*o - 247 = 2*o + 5*a, -o + 2*a = -84. Let v = -23 - -134. Calculate the highest common factor of v and o.
37
Let y(p) = -2*p**2 + 6*p + 486. Let w be y(-14). Calculate the highest common factor of 2095 and w.
5
Let d(j) = 332*j - 220. Let t be d(17). What is the highest common divisor of 192 and t?
48
Let c be (848/(-6))/((-7)/21). Suppose -3*v + c = -269. Suppose v = 5*k + 2*k. What is the greatest common factor of 33 and k?
33
Suppose 8*c - 9*c - 2*o + 293 = 0, 0 = 3*c - 4*o - 869. Calculate the highest common divisor of 3104 and c.
97
Let a(l) = -79*l + 42 - 42 + 88*l + 140. Let o be a(-15). Calculate the highest common divisor of o and 145.
5
Let z(b) = b**3 + 4*b**2 - 18*b + 25. Let x be z(9). Let a = x - 322. What is the highest common divisor of 22 and a?
22
Let h = 1371 + -1343. Let r = 307 - 153. Calculate the highest common divisor of r and h.
14
Suppose 70*w = 73*w - 87. Calculate the highest common divisor of w and 5394.
29
Let h be (-49 + (-3)/2*(-10)/(-3))/(-1). Calculate the highest common divisor of 6912 and h.
54
Suppose 59 + 13 = -4*w. Let j = 29 + w. Let m(d) = -12*d + 103. Let l be m(4). What is the highest common divisor of l and j?
11
Let k(c) = -56 + 30*c - 5 - 19. Let g be k(8). What is the greatest common factor of 64 and g?
32
Let q(h) = -158*h - 1028. Let g be q(-16). What is the highest common factor of g and 720?
60
Suppose 0 = 2*z + 2 - 6. Suppose 5*g + 5 = 0, z*s + 4*g + 2 = -0. Let l be (216/120)/(6/30). Calculate the greatest common divisor of s and l.
1
Suppose -425 = -2*t - 251. What is the highest common factor of 2349 and t?
87
Suppose -8187 = -2*z - 3*m, 7*z - 3*z + 3*m = 16395. Calculate the greatest common divisor of 864 and z.
216
Let s = 9721 - 9683. What is the greatest common divisor of 6859 and s?
19
Let w = 2644 + 2180. Calculate the greatest common divisor of w and 120.
24
Let n = 11876 - 11544. What is the highest common divisor of 1245 and n?
83
Let l be 116 + -1*(-4 + 3). Suppose -421*q = -2*q + 33*q - 12204. What is the highest common factor of q and l?
9
Suppose 22*y - 16*y - 207 - 33 = 0. Calculate the highest common divisor of 4040 and y.
40
Let p = 10 + 8. Let b = 282 + -269. Suppose -5*v + 50 = -4*j, -2*v - 3*j = 2*j + b. Calculate the greatest common divisor of p and v.
6
Suppose -2*h + 3*y - 772 = 0, 3*h + 1544 = -h - y. Let a = 396 + h. What is the highest common factor of 490 and a?
10
Let z = 10890 - 10394. What is the highest common divisor of 7316 and z?
124
Let a(w) = 4*w**2 + 2*w - 12. Let x be a(8). Suppose 10*o - 4453 = -4193. Calculate the greatest common divisor of x and o.
26
Let o(p) = -912*p**3 + p**2 + 105*p + 105. Let r be o(-1). Calculate the highest common divisor of r and 2573.
83
Let k(p) = -p + 5. Let z be k(5). Suppose -3*v = -0*w + w - 1570, z = 5*v + 3*w - 2610. Calculate the highest common factor of 21 and v.
21
Suppose -w - 5*l = 1 + 4, 3*w + 5*l = 5. Suppose w*n = 2*k - 82, -3*k + 3*n - 4*n = -140. What is the greatest common factor of 506 and k?
46
Suppose 1730 = -2*t - 3*d, -5*t = 5*d + 1870 + 2455. Let b = t - -884. Calculate the greatest common divisor of b and 399.
19
Let m(l) = -l**3 + 4*l**2 + 3*l + 4. Let i be m(3). Let j be ((-2)/(-6))/(17/15147). Calculate the greatest common divisor of i and j.
11
Let s(m) = 2*m**2 - 20*m - 125. Let b be s(-10). Calculate the highest common factor of b and 800.
25
Let w(x) be the third derivative of x**5/10 - 101*x**4/24 - x**3/2 - x**2 - 68. Let d be w(17). Calculate the highest common factor of 203 and d.
7
Let q(y) = 3*y - 8 - 25 - 8 - 29*y. Let d be q(-4). Let p(c) = c**3 + 6*c**2 + 3*c - 3. Let h be p(-5). Calculate the greatest common divisor of d and h.
7
Let l be (8/(-6))/(6/9*-1). Suppose -l*y + 7*y = 320. What is the highest common factor of y and 48?
16
Let g(l) = -384*l + 13975. Let v be g(36). What is the greatest common divisor of 1 and v?
1
Let y = 11 - -45. Let v(l) = -l**2 + 13*l - 38. Let r be v(6). Suppose -2*u - 2*s + 52 = -3*s, 0 = -r*s + 16. What is the greatest common factor of u and y?
28
Let f be -1 + 8/(-5)*(-80)/32. Suppose f*i = 5*j - 363, 9*j + 5*i = 5*j + 283. Calculate the greatest common divisor of j and 312.
24
Let u be (4 - 236/56)/((-50)/700). Suppose 0 = g - 1 - 1. Let x(w) = w**3 + 1. Let z be x(g). Calculate the greatest common factor of z and u.
3
Let y(d) = 2*d**3 - 18*d**2 + 9*d - 76. Let i be y(9). Suppose 9 = -3*x, i*r - 440 = -3*x - 2*x. Calculate the greatest common factor of 21 and r.
7
Let w be (-3 + (-45)/(-21))/(93/(-2387)). Suppose -6*m + 93 = 27. What is the greatest common factor of w and m?
11
Suppose -5*q = -0*q - 110. Let a be ((-10)/(-55))/(-1) + 4/q. Let x be 58 - -9 - (-2 - a - 0). What is the greatest common factor of x and 23?
23
Suppose 7*q - 3*s = 46, -5*s - 26 + 66 = 5*q. What is the highest common divisor of 5873 and q?
7
Suppose 295109 = 258*k + 66005. What is the greatest common factor of 1872 and k?
24
Suppose -4*l = -6*l + 110. Let k be (-1*12/(-14))/((-27)/(-126)). Suppose 0 = g + g + 3*c - 29, k*c = -2*g + 24. What is the greatest common divisor of l and g?
11
Suppose 0 = -3*j + 9 + 24. Let x(i) be the first derivative of i**2/2 - 5*i - 2252. Let a be x(j). What is the highest common divisor of 30 and a?
6
Suppose 18688 = 10*g - 42*g. Let p = g - -609. Suppose 0*k - k = -10. What is the greatest common divisor of p and k?
5
Let z be (-8)/12*(-8 + -1). Suppose z*g - g - 260 = 0. Let u be -10 - (-16 + 11) - -18. Calculate the highest common divisor of u and g.
13
Suppose 3*x = -2*j + 152 + 64, x + 192 = 2*j. Calculate the highest common factor of 3069 and j.
99
Suppose 2044 - 1982 = 4*j + 5*s, 3*s - 18 = 0. Suppose 2*i - 216 = i. What is the highest common divisor of j and i?
8
Let r = -50 + 31. Let u be (1 + 0)*(-4 - r). Suppose 16*d = u*d + 104. What is the greatest common divisor of d and 13?
13
Let u = -18149 + 18150. Let h(k) = 0 + 5 - 4 + 6*k**2 - k**3 - 6*k. Let q be h(4). What is the greatest common factor of q and u?
1
Let j be (9/2 - 4)/(18/180). What is the highest common divisor of 320 and j?
5
Let a(z) = z**2 - 5*z + 6. Let j be a(2). Suppose -m + 6 = -j*m. Let c be 21*1 + (m - 7). Calculate the greatest common factor of 60 and c.
20
Let h(v) = -v**2 + 29*v + 6. Let c be h(28). Suppose -28 = 6*a - c. Calculate the greatest common factor of 4 and a.
1
Suppose 45 = 14*g - 11. Suppose g*z - 23 = -n, 5*n = 2*z + 6*n - 13. Suppose -z*h = -431 + 216. Calculate the highest common factor of 387 and h.
43
Let s(r) = -r**2 + 174*r - 7023. Let b be s(94). Calculate the highest common factor of 4544 and b.
71
Let h(s) = 3*s - 47. Let x be h(14). Let a be -1 + (-4 + 4)/x + 106. Calculate the highest common divisor of a and 15.
15
Suppose 255*v - 258*v - 2*b + 117 = 0, -4*b - 151 = -5*v. Calculate the highes